248430 (base 10) in base 4?
330221232
What is 23331003 (base 5) in base 9?
356216
What is 101011001010001110100 (base 2) in base 8?
5312164
What is -404425 (base 6) in base 11?
-22159
What is -11a5de (base 15) in base 13?
-237866
What is 105b6d (base 14) in base 13?
1650ba
Convert -100277002 (base 8) to base 11.
-9586499
-211002212111 (base 3) to base 4
-1222032232
What is -132355455 (base 6) in base 5?
-1134100203
Convert -211102020001 (base 3) to base 12.
-1933b4
9eace (base 15) to base 10
505319
-22222200202 (base 3) to base 8
-531434
Convert 56b890 (base 13) to base 11.
1182889
-101011101011100110 (base 2) to base 16
-2bae6
Convert -513aa8 (base 14) to base 16.
-29c6d4
What is 1110001101101100001001 (base 2) in base 7?
43446143
2903946 (base 10) to base 15
3c5666
What is 111103232 (base 5) in base 11?
303664
Convert 4ac32 (base 16) to base 15.
60b01
What is -1122100002111 (base 3) in base 2?
-11010101000011101000
21b383 (base 14) to base 11
712245
Convert 1332c1 (base 14) to base 6.
22104105
Convert 1a0a9 (base 15) to base 6.
1451210
Convert -111134101 (base 5) to base 13.
-141ca9
Convert -276586 (base 10) to base 13.
-98b7b
Convert -6142105 (base 7) to base 10.
-733045
Convert -22121220201 (base 3) to base 15.
-3549a
93d91 (base 15) to base 11
2a0252
Convert -1443417 (base 12) to base 10.
-4070035
Convert 1011101124 (base 5) to base 7.
23266104
Convert 136d8c (base 14) to base 9.
1234077
26954 (base 12) to base 6
1050144
1110321540 (base 6) to base 14
18604cc
What is 22d48 (base 16) in base 5?
14031124
167da6 (base 15) to base 14
205251
What is 7a5713 (base 11) in base 12?
519597
What is -1b7c8 (base 15) in base 13?
-31988
877b78 (base 12) to base 2
1000001100110011001100
What is -14a71 (base 15) in base 7?
-364552
-a18332 (base 12) to base 14
-499834
Convert 141654 (base 10) to base 4.
202211112
What is -20ab0c (base 14) in base 4?
-10031311220
211032103 (base 5) to base 13
249334
77a9cd (base 15) to base 13
124a218
1101001001010100100010 (base 2) to base 11
1a44083
Convert 2241201 (base 5) to base 15.
bd86
What is 95945 (base 11) in base 4?
202010222
Convert 698a87 (base 11) to base 15.
16dd6d
-6ba43 (base 14) to base 8
-1001053
776a725 (base 11) to base 6
1204051150
What is -28346 (base 13) in base 14?
-1d5dd
Convert 423204321 (base 6) to base 7.
120123631
What is 1678152 (base 10) in base 6?
55545120
Convert -122626 (base 7) to base 12.
-11101
Convert 30065551 (base 7) to base 5.
1114041111
What is -755958 (base 10) in base 6?
-24111450
What is -1110111011110 (base 2) in base 3?
-101111012
-58b589 (base 12) to base 14
-293145
What is 7572352 (base 8) in base 10?
2028778
What is 32b46 (base 12) in base 2?
10000011011100110
What is 49b770 (base 15) in base 14?
67d20a
What is 347441 (base 8) in base 6?
2312521
What is 1537281 (base 13) in base 3?
110202200222010
Convert -19ac74 (base 16) to base 12.
-691844
What is -13152513 (base 6) in base 8?
-1521135
495109 (base 11) to base 5
200022013
Convert 9d148 (base 15) to base 5.
111443133
2516466 (base 8) to base 11
43568a
What is 76246 (base 13) in base 7?
1546315
11000001100101010010101 (base 2) to base 3
102221021101200
Convert 101020101120 (base 3) to base 16.
31311
2749e (base 16) to base 3
22011202020
Convert -212012011222002 (base 3) to base 6.
-1120101002
163060 (base 7) to base 15
9874
281e66 (base 16) to base 8
12017146
4da64 (base 14) to base 5
22111014
What is adc8 (base 14) in base 15?
8e0e
-20222222210012 (base 3) to base 9
-6888705
dcb4b (base 15) to base 2
10101011001011110011
What is -3722441 (base 10) in base 3?
-21000010020012
What is -3100025 (base 6) in base 9?
-244618
What is 2581076 (base 10) in base 11?
1503223
What is -1214d3 (base 14) in base 2?
-10010110111110000001
What is 221222013 (base 4) in base 14?
4627d
Convert 317b2 (base 12) to base 4.
33320312
-4444411311 (base 5) to base 7
-145662344
Convert a13085 (base 12) to base 3.
11201202000202
Convert 8cda93 (base 16) to base 3.
122100222112201
Convert 101021013132 (base 4) to base 11.
259a284
What is 1303875 (base 9) in base 8?
2555503
What is -2577531 (base 8) in base 6?
-23240413
-153c90 (base 15) to base 12
-415530
What is -95318 (base 14) in base 5?
-43010244
-8178 (base 10) to base 12
-4896
4503676 (base 8) to base 15
18ec4d
Convert 4052260 (base 10) to base 7.
46305112
3210411 (base 5) to base 4
31021200
Convert -994461 (base 11) to base 10.
-1587103
-47103 (base 8) to base 12
-b717
141809 (base 12) to base 2
1010001101101001001
Convert -931de3 (base 16) to base 15.
-ca6acd
Convert 23b86a (base 16) to base 8.
10734152
-21663273 (base 8) to base 9
-8721773
-11101010220 (base 3) to base 9
-141126
What is -11102220001002 (base 3) in base 13?
-648143
Convert -63418 (base 9) to base 14.
-113a6
35045a (base 11) to base 13
166640
What is 7193 (base 16) in base 5?
1412300
What is -105203552 (base 6) in base 14?
-38315a
-43785b (base 13) to base 7
-16331516
-62777 (base 8) to base 11
-18688
What is a8922 (base 11) in base 12?
7764b
What is 2851a3 (base 13) in base 11?
611076
2973b (base 13) to base 15
18238
Convert -12762608 (base 9) to base 13.
-13c7a1a
-30abb5 (base 12) to base 16
-bae39
-12240033 (base 6) to base 9
-660423
30221041 (base 5) to base 12
b8085
What is 81223 (base 10) in base 16?
13d47
What is 2371223 (base 8) in base 12?
27532b
What is 262277 (base 8) in base 3?
11122021111
What is a55a7 (base 13) in base 6?
10213401
Convert -421232023 (base 5) to base 13.
-490329
What is -7a6959 (base 16) in base 6?
-443540321
Convert -2133345 (base 6) to base 14.
-2a785
What is 1e68aa (base 15) in base 4?
11223312133
What is -6f1c17 (base 16) in base 3?
-111200221121010
Convert -78245 (base 9) to base 10.
-51962
647705 (base 8) to base 15
44489
What is -110001100110100111010 (base 2) in base 5?
-404003102
-11a291a (base 13) to base 16
-53c3f2
What is 253769 (base 12) in base 2?
10010100010110000001
-7aedb (base 15) to base 11
-248142
Convert -2001223103 (base 4) to base 10.
-531155
What is -25683 (base 16) in base 10?
-153219
Convert -223645524 (base 7) to base 12.
-469a863
133321310 (base 4) to base 7
1052660
554444 (base 7) to base 8
276550
What is 124423 (base 5) in base 12?
2a78
387737 (base 12) to base 14
1a1415
-61171c (base 14) to base 12
-11180a6
53310424 (base 6) to base 16
17df10
What is 3738642 (base 10) in base 11?
2123996
Convert 202001210101 (base 3) to base 12.
17069a
Convert 101100020 (base 4) to base 12.
34a88
11011101101110110111100 (base 2) to base 6
415421340
What is 56311546 (base 7) in base 6?
252310541
What is -44a5b (base 14) in base 15?
-345c1
-1f8b91 (base 16) to base 9
-3800770
-553a2 (base 11) to base 8
-234717
Convert -1a7b85 (base 12) to base 9.
-785612
110101001100010011000 (base 2) to base 11
a905a6
What is -166150 (base 8) in base 2?
-1110110001101000
Convert -9a40 (base 16) to base 2.
-1001101001000000
-150402551 (base 6) to base 11
-1835411
What is -20303110210 (base 4) in base 11?
-1336614
Convert 513970 (base 12) to base 10.
1271460
Convert -5b4a25 (base 13) to base 12.
-8922a1
-191207 (base 10) to base 9
-321252
Convert -25324041 (base 6) to base 3.
-1112122202221
What is 3324402 (base 5) in base 15?
12337
Convert 21401023 (base 5) to base 13.
65ca4
Convert 2a548 (base 11) to base 5.
2340444
What is 6ac63b (base 14) in base 9?
6765320
-1011000120101 (base 3) to base 4
-2111010130
-38b62 (base 15) to base 11
-114358
What is -82477 (base 12) in base 11?
-106806
What is -519439 (base 12) in base 2?
-100111000110000101101
What is -3bc2 (base 13) in base 8?
-20640
-203032003000 (base 4) to base 8
-43160300
Convert -3221301121 (base 4) to base 16.
-e9c59
What is 253651 (base 8) in base 15?
1b102
Convert 8120843 (base 9) to base 2.
10000011111110000100010
Convert 32136 (base 13) to base 3.
11120212010
What is -1ddd5 (base 15) in base 13?
-35588
-2a228 (base 14) to base 11
-71732
Convert -977cc (base 13) to base 12.
-11252b
Convert -1e2e90 (base 15) to base 13.
-3c9a68
3523576 (base 8) to base 11
5a6605
-100000010000010000 (base 2) to base 4
-200100100
What is 3029b4 (base 13) in base 12?
460145
What is 760246 (base 11) in base 14?
238d71
What is -4365542 (base 7) in base 6?
-15304005
What is 1236103 (base 8) in base 6?
11204243
-126585 (base 13) to base 11
-28254a
1391257 (base 1